{"id":8229,"date":"2022-11-09T20:03:29","date_gmt":"2022-11-09T20:03:29","guid":{"rendered":"http:\/\/nomasdeudas.srtv.cl\/?page_id=8229"},"modified":"2022-11-18T18:33:04","modified_gmt":"2022-11-18T18:33:04","slug":"conocenos","status":"publish","type":"page","link":"http:\/\/nomasdeudas.cl\/index.php\/conocenos\/","title":{"rendered":"Con\u00f3cenos"},"content":{"rendered":"<section class=\"l-section wpb_row us_custom_278d8c57 height_custom width_full\"><div class=\"l-section-h i-cf\"><div class=\"g-cols vc_row via_flex valign_top type_default stacking_default\"><div class=\"vc_col-sm-12 wpb_column vc_column_container\"><div class=\"vc_column-inner\"><div class=\"wpb_wrapper\"><div class=\"w-image align_center\"><div class=\"w-image-h\"><img width=\"4002\" height=\"1362\" src=\"http:\/\/nomasdeudas.cl\/wp-content\/uploads\/2022\/11\/BANNER-1-VS-1.png\" class=\"attachment-full size-full\" alt=\"\" decoding=\"async\" loading=\"lazy\" srcset=\"http:\/\/nomasdeudas.cl\/wp-content\/uploads\/2022\/11\/BANNER-1-VS-1.png 4002w, http:\/\/nomasdeudas.cl\/wp-content\/uploads\/2022\/11\/BANNER-1-VS-1-300x102.png 300w, http:\/\/nomasdeudas.cl\/wp-content\/uploads\/2022\/11\/BANNER-1-VS-1-1024x348.png 1024w, http:\/\/nomasdeudas.cl\/wp-content\/uploads\/2022\/11\/BANNER-1-VS-1-1536x523.png 1536w, http:\/\/nomasdeudas.cl\/wp-content\/uploads\/2022\/11\/BANNER-1-VS-1-600x204.png 600w\" sizes=\"(max-width: 4002px) 100vw, 4002px\" \/><\/div><\/div><\/div><\/div><\/div><\/div><\/div><\/section><section class=\"l-section wpb_row height_custom\"><div class=\"l-section-h i-cf\"><div class=\"g-cols vc_row via_flex valign_top type_default stacking_default\"><div class=\"vc_col-sm-12 wpb_column vc_column_container\"><div class=\"vc_column-inner\"><div class=\"wpb_wrapper\"><div class=\"wpb_text_column us_custom_432d3f53\"><div class=\"wpb_wrapper\"><h2 style=\"text-align: center;\"><strong>CON\u00d3CENOS<\/strong><\/h2>\n<p>Somos un estudio jur\u00eddico, formado en el a\u00f1o 2015, compuesto por abogados expertos en materias que dicen relaci\u00f3n con la defensa de deudores, quiebras de personas naturales y jur\u00eddicas. Nuestro deber es defender y promocionar los derechos de aquellas personas o empresas que por distintas razones han dejado de dar cumplimiento a sus obligaciones comerciales. Nuestra experiencia y resultados son nuestro mayor respaldo.<\/p>\n<h3 style=\"text-align: center;\"><strong>Logros y competencias<\/strong><\/h3>\n<p>Nos hemos caracterizado a lo largo de nuestra trayectoria por representar a personas naturales y jur\u00eddicas en el duro proceso de la quiebra, siendo nosotros los encargados de dise\u00f1ar la estrategia judicial y de resguardar los derechos de los deudores que se encuentran garantizados por la Constituci\u00f3n y las leyes.<\/p>\n<p><em>\u201cPodemos decir con todo orgullo que tenemos un 100% de \u00e9xito en todas las quiebras que hemos presentado en nuestros tribunales\u201d.<\/em><\/p>\n<h3 style=\"text-align: center;\"><strong>Bases de nuestra instituci\u00f3n<\/strong><\/h3>\n<ul>\n<li>Orientar a nuestros clientes <strong><em>sobre la base de la verdad<\/em><\/strong>, es decir, siendo transparentes y comunicando si efectivamente podemos entregar una soluci\u00f3n o no al problema que presenta.<\/li>\n<li><strong>Comunicaci\u00f3n.<\/strong> Mantener informados a nuestros clientes sobre el estado de los procesos judiciales y contacto directo con el abogado a cargo de su caso.<\/li>\n<li><strong>Defender y respetar los derechos de los deudores. <\/strong>Resguardar <em>el debido proceso<\/em> en todas las etapas de este; para que no existan deficiencias o vicios en los procedimientos judiciales; que puedan significar un da\u00f1o o agravio para la persona deudora.<\/li>\n<\/ul>\n<\/div><\/div><\/div><\/div><\/div><\/div><\/div><\/section><section class=\"l-section wpb_row height_custom\"><div class=\"l-section-overlay\" style=\"background:var(--color-content-secondary)\"><\/div><div class=\"l-section-h i-cf\"><div class=\"g-cols vc_row via_flex valign_top type_default stacking_default\"><div class=\"vc_col-sm-12 wpb_column vc_column_container\"><div class=\"vc_column-inner\"><div class=\"wpb_wrapper\"><div class=\"wpb_text_column us_custom_8b3d6790 has_text_color\"><div class=\"wpb_wrapper\"><h2 style=\"text-align: center;\">SOCIOS FUNDADORES<\/h2>\n<\/div><\/div><div class=\"g-cols wpb_row via_flex valign_top type_default stacking_default\" style=\"--additional-gap:5rem;\"><div class=\"vc_col-sm-6 wpb_column vc_column_container\"><div class=\"vc_column-inner\"><div class=\"wpb_wrapper\"><div class=\"w-image us_custom_2922eb69 align_center\"><div class=\"w-image-h\"><img width=\"1000\" height=\"1000\" src=\"http:\/\/nomasdeudas.cl\/wp-content\/uploads\/2022\/11\/DSC_4350-en-png.png\" class=\"attachment-full size-full\" alt=\"\" decoding=\"async\" loading=\"lazy\" srcset=\"http:\/\/nomasdeudas.cl\/wp-content\/uploads\/2022\/11\/DSC_4350-en-png.png 1000w, http:\/\/nomasdeudas.cl\/wp-content\/uploads\/2022\/11\/DSC_4350-en-png-300x300.png 300w, http:\/\/nomasdeudas.cl\/wp-content\/uploads\/2022\/11\/DSC_4350-en-png-150x150.png 150w, http:\/\/nomasdeudas.cl\/wp-content\/uploads\/2022\/11\/DSC_4350-en-png-600x600.png 600w\" sizes=\"(max-width: 1000px) 100vw, 1000px\" \/><\/div><\/div><div class=\"w-separator size_small\"><\/div><div class=\"wpb_text_column us_custom_d44d8758 has_text_color\"><div class=\"wpb_wrapper\"><h3><strong>Pablo Andr\u00e9s Gonz\u00e1lez Barrera<\/strong><\/h3>\n<p><em>Abogado<\/em><br \/>\nMagister en Derecho.<\/p>\n<\/div><\/div><\/div><\/div><\/div><div class=\"vc_col-sm-6 wpb_column vc_column_container\"><div class=\"vc_column-inner\"><div class=\"wpb_wrapper\"><div class=\"w-image us_custom_2922eb69 align_center\"><div class=\"w-image-h\"><img width=\"1000\" height=\"1000\" src=\"http:\/\/nomasdeudas.cl\/wp-content\/uploads\/2022\/11\/DSC_4368-en-png.png\" class=\"attachment-full size-full\" alt=\"\" decoding=\"async\" loading=\"lazy\" srcset=\"http:\/\/nomasdeudas.cl\/wp-content\/uploads\/2022\/11\/DSC_4368-en-png.png 1000w, http:\/\/nomasdeudas.cl\/wp-content\/uploads\/2022\/11\/DSC_4368-en-png-300x300.png 300w, http:\/\/nomasdeudas.cl\/wp-content\/uploads\/2022\/11\/DSC_4368-en-png-150x150.png 150w, http:\/\/nomasdeudas.cl\/wp-content\/uploads\/2022\/11\/DSC_4368-en-png-600x600.png 600w\" sizes=\"(max-width: 1000px) 100vw, 1000px\" \/><\/div><\/div><div class=\"w-separator size_small\"><\/div><div class=\"wpb_text_column us_custom_2509bbe8 has_text_color\"><div class=\"wpb_wrapper\"><h3><strong>Priscilla Paz Jara Oyarzun<\/strong><\/h3>\n<p><em>Abogada<\/em><br \/>\nMagister en Derecho.<\/p>\n<\/div><\/div><\/div><\/div><\/div><\/div><\/div><\/div><\/div><\/div><\/div><\/section><section class=\"l-section wpb_row height_custom\"><div class=\"l-section-h i-cf\"><div class=\"g-cols vc_row via_flex valign_top type_default stacking_default\"><div class=\"vc_col-sm-12 wpb_column vc_column_container\"><div class=\"vc_column-inner\"><div class=\"wpb_wrapper\"><div class=\"w-iconbox iconpos_left style_default color_primary align_center no_text icontype_img\"><div class=\"w-iconbox-icon\" style=\"font-size:3rem;\"><img width=\"115\" height=\"116\" src=\"http:\/\/nomasdeudas.cl\/wp-content\/uploads\/2022\/11\/icono-conocenos.png\" class=\"attachment-full size-full\" alt=\"\" decoding=\"async\" loading=\"lazy\" \/><\/div><div class=\"w-iconbox-meta\"><h3 class=\"w-iconbox-title\">Informaci\u00f3n Corporativa<\/h3><\/div><\/div><div class=\"w-separator size_small\"><\/div><div class=\"wpb_text_column\"><div class=\"wpb_wrapper\"><p><strong>Gonz\u00e1lez y Jara Consultores Legales SpA.<\/strong><\/p>\n<p><strong>Rut:<\/strong> 76.671.823-K<\/p>\n<p><strong>Direcci\u00f3n:<\/strong> Cerro El Plomo N\u00b0 5931, Oficina N\u00b0 513, Las Condes.<\/p>\n<p><strong>Representante Legal:<\/strong> Pablo Andr\u00e9s Gonz\u00e1lez Barrera, C\u00e9dula de identidad 16.002.036-9<\/p>\n<\/div><\/div><\/div><\/div><\/div><\/div><\/div><\/section>\n","protected":false},"excerpt":{"rendered":"CON\u00d3CENOS Somos un estudio jur\u00eddico, formado en el a\u00f1o 2015, compuesto por abogados expertos en materias que dicen relaci\u00f3n con la defensa de deudores, quiebras de personas naturales y jur\u00eddicas. Nuestro deber es defender y promocionar los derechos de aquellas personas o empresas que por distintas razones han dejado de dar cumplimiento a sus obligaciones...","protected":false},"author":1,"featured_media":0,"parent":0,"menu_order":0,"comment_status":"closed","ping_status":"closed","template":"","meta":{"footnotes":""},"acf":[],"_links":{"self":[{"href":"http:\/\/nomasdeudas.cl\/index.php\/wp-json\/wp\/v2\/pages\/8229"}],"collection":[{"href":"http:\/\/nomasdeudas.cl\/index.php\/wp-json\/wp\/v2\/pages"}],"about":[{"href":"http:\/\/nomasdeudas.cl\/index.php\/wp-json\/wp\/v2\/types\/page"}],"author":[{"embeddable":true,"href":"http:\/\/nomasdeudas.cl\/index.php\/wp-json\/wp\/v2\/users\/1"}],"replies":[{"embeddable":true,"href":"http:\/\/nomasdeudas.cl\/index.php\/wp-json\/wp\/v2\/comments?post=8229"}],"version-history":[{"count":16,"href":"http:\/\/nomasdeudas.cl\/index.php\/wp-json\/wp\/v2\/pages\/8229\/revisions"}],"predecessor-version":[{"id":8326,"href":"http:\/\/nomasdeudas.cl\/index.php\/wp-json\/wp\/v2\/pages\/8229\/revisions\/8326"}],"wp:attachment":[{"href":"http:\/\/nomasdeudas.cl\/index.php\/wp-json\/wp\/v2\/media?parent=8229"}],"curies":[{"name":"wp","href":"https:\/\/api.w.org\/{rel}","templated":true}]}}